
9
Suppose 0 = 330*w - 326*w - 1192. What is the units digit of w?
8
Let g be 18*(1 + 8/(-4)). Let c be 4/g - (-70)/(-9). Let j = c + 14. What is the units digit of j?
6
Let d(t) = -8*t**3 - 2*t**2 - 4*t - 1. Let n be d(-3). Let q = -120 + n. What is the units digit of q?
9
Let o = -1275 + 1819. What is the tens digit of o?
4
What is the tens digit of 145/(0 - 3 - 400/(-128))?
6
What is the tens digit of (-1 - -1) + 718 + -6?
1
Let u(l) = l**3 + 2*l**2 - 12*l + 38. What is the units digit of u(7)?
5
Suppose -3*n + 842 + 15 = 5*m, 3*n - 847 = 5*m. Let x = -164 + n. What is the tens digit of x?
2
Let s = 7256 - 4822. What is the units digit of s?
4
Let d(x) be the second derivative of -x**4/12 + 5*x**2/2 + 3*x. Let g be d(3). Let z(m) = -9*m - 7. What is the tens digit of z(g)?
2
Suppose 0 = -x - 1 - 1, -32 = 5*l + x. What is the tens digit of ((-138)/(-8))/(l/(-16))?
4
Suppose 4*w + 20*n = 19*n + 2171, 2*w = -n + 1085. What is the tens digit of w?
4
Suppose 8*v - 2046 = 5*v. Suppose 9*s = 155 + v. What is the tens digit of s?
9
Suppose -2*q - 67 = -3*a, -113 - 5 = -5*a - 3*q. Let h = a + -30. What is the tens digit of 5 + -1 - (-47 - h)?
4
Suppose 0 = -217*p + 207*p + 20900. What is the hundreds digit of p?
0
Let h be (4*7/70)/(1/(-30)). Let d be 31/4 - 2/(-8). What is the units digit of 3/(h/d) - -9?
7
Suppose 0 = p + 6 - 1, 285 = 5*b + 3*p. Suppose -3*o + b = o. Suppose 3 - o = -2*a. What is the units digit of a?
6
Let v = 507 - 888. Let t = -213 - v. What is the tens digit of t?
6
Let m(y) = -y**2 - 6*y + 3. Let l be m(-6). Let q(g) be the second derivative of g**4/3 - g**3/2 - 3*g**2/2 + g. What is the units digit of q(l)?
4
Let x(o) = -o**3 - 2*o**2 + 7*o + 2. Let z = 6 + -11. What is the units digit of x(z)?
2
Suppose 4*g = -3*q - q + 504, 3*g - 386 = -5*q. Suppose -g = -4*y + 2*a, 0*y - 4*a + 116 = 4*y. What is the units digit of (24/(-10))/((-9)/y)?
8
Suppose -k - 3 = 0, -8 - 12 = v + 5*k. Let u be ((-28)/(-10))/(v/25). What is the units digit of (35/u)/((-2)/36)?
5
Let v(c) = -c**3 - 8*c**2 + 13*c + 44. What is the units digit of v(-11)?
4
Let v(u) = -33*u + 4746. What is the units digit of v(0)?
6
Let k(c) = -2*c + 28. Let g be k(13). Suppose 0 = -4*a + 12, -2*s + g*a + 24 - 2 = 0. What is the tens digit of s?
1
What is the thousands digit of (-5908)/21*3/(-12)*15?
1
Let d = 786 - 518. What is the hundreds digit of d?
2
What is the hundreds digit of (-8)/10 + (-1 - 3868/(-10))?
3
Suppose 86 = -3*i + g + 4, 5*g = -3*i - 94. Let n = 30 + i. Suppose 0 = p - 5*o - 16, -3*o + 2 - 69 = -n*p. What is the units digit of p?
1
Let l be 3/((-4)/(240/9)). Let d be 173/(-5) + 6/(-15). Let z = l - d. What is the tens digit of z?
1
Let q(a) = a**3 - 10*a**2 - 23*a - 9. Let g be q(12). Suppose g*i - 130 = i. What is the units digit of i?
5
Suppose -k + 403 = -1436. What is the units digit of k?
9
Let s(y) = y**3 + 15*y**2 - 22*y + 4. Let i(g) = -3*g + 87. Let b be i(34). What is the hundreds digit of s(b)?
3
Let l be (-1)/5 - 549/(-45). Let f = l - -26. What is the units digit of f?
8
Let v = -117 + 917. What is the hundreds digit of v?
8
Suppose 17*j = 38657 - 900. What is the units digit of j?
1
Let g(i) = -119*i + 5. What is the tens digit of g(-5)?
0
Suppose -3*o = 5 - 38. Let v be (o/((-55)/50))/1. Let u(j) = j**3 + 9*j**2 - 14*j - 15. What is the units digit of u(v)?
5
Let n = -67 + 96. Let d = n - -141. What is the tens digit of d?
7
Suppose 9 = -6*l + 9*l. Suppose l*d - 7 = -4, d - 21 = 5*g. What is the units digit of (-634)/(-8) + 1/g?
9
Suppose -5*t - 1 = 89. Let s = 23 + t. Suppose g = -s + 47. What is the units digit of g?
2
Let n(y) = -5*y**2 + 11*y**2 + 2*y - y - 5*y**2. Let v be n(2). Suppose 2*q - v - 10 = 0. What is the units digit of q?
8
What is the hundreds digit of (-11 + (-4420)/15)/(2/(-18))?
7
Suppose -5*y = -5*d - 1385, -y + 0*d + 3*d + 275 = 0. What is the hundreds digit of y?
2
Let o(q) = 374*q**2 + 2*q - 2. Let f be o(-2). Let j be f/4 - (-9)/(-18). What is the tens digit of (-2 - -3)/(12/j)?
3
Let o = 20 - 16. Suppose r + 2*w - 1 = -10, 2*r - o*w = -2. What is the units digit of (2/(-3))/(r/450)?
0
Let o be 2/8 + 2/(-8). Let i(r) = r**3 + 6. Let q be i(o). What is the units digit of (-7)/((-63)/q)*33?
2
Suppose -725 = -6*b + 2989. What is the units digit of b?
9
What is the hundreds digit of ((13290/9)/5)/(1/3)?
8
Let h = 4141 + -2470. What is the hundreds digit of h?
6
Let o be 2/9 + 742/(-18). Let z = -27 - o. What is the units digit of (z + -11)*(-2)/(-6)?
1
Suppose 0 = h - 5*h + 5*t + 10435, 0 = -5*h + 3*t + 13047. What is the hundreds digit of h?
6
Suppose 0 = 7*f - 8*f - 2. Let r(c) = 6*c**2 - 1. What is the tens digit of r(f)?
2
Let n = -123 - -71. What is the units digit of (-200)/n + (1 - 22/26)?
4
Let g be (-46)/(1/18*-4). Suppose -4*i - 2*h + 608 = 0, -g = -2*i + 2*h + 97. What is the units digit of i?
2
Suppose -n + 5072 = -2*b, -8*n + 25374 = -3*n + 4*b. What is the tens digit of n?
7
Let g = 4647 + -3307. What is the hundreds digit of g?
3
Suppose 0 = -2*l - 67 - 225. Let z = l - -215. What is the tens digit of (-6)/(-8) - z/(-4)?
1
Let y(j) = -3*j + 1. Let z(l) = 9*l - 3. Let d(o) = -8*y(o) - 3*z(o). What is the tens digit of d(-17)?
5
Let r(t) = -54*t - 113. What is the tens digit of r(-17)?
0
What is the tens digit of (36/(-10))/(8 + (-39378)/4920)?
8
Let r(j) = -182*j - 160. What is the thousands digit of r(-11)?
1
Let m be (-28)/15 + (-36)/270. What is the units digit of (-331)/(-4) - m/8?
3
Suppose -4*x - 16 = 0, -6*s + 3*s - 3*x + 36 = 0. Let i = 14 - s. Let g = i - -14. What is the tens digit of g?
1
Suppose i - 112 + 25 = 0. Suppose -5*d = -i - 28. What is the units digit of d?
3
Let h(z) = 53*z**2 + 9*z + 17. Let o be 4/(-3) + 1 - 10/6. What is the tens digit of h(o)?
1
Suppose -5*x = -0*x. Let p be (-3 - x)*10/(-6). Suppose 0*k + p*k = 20. What is the units digit of k?
4
Let a(b) = -b**2 + 2*b + 7. Let r(n) = 2*n - 6. Let g be r(7). Let w be a(g). Let t = -22 - w. What is the tens digit of t?
1
Suppose 4609 = 5*m + 2*b, 0*b + 3*b = -3*m + 2760. What is the units digit of m?
3
Let n = -43 + 88. Let u be 7*3/(42/4). Suppose -u*s + 2*p + n = -11, p = -4*s + 137. What is the units digit of s?
3
Let d(c) = -c**2 + 9*c - 6. Let r be d(8). Suppose 2*l - 4*l - 3*u = 42, 0 = -r*l - 5*u - 50. Let w = -2 - l. What is the units digit of w?
3
Suppose 40*q = 21*q + 13167. What is the hundreds digit of q?
6
Let b(q) = 26*q + 14. Let t = 86 + -80. What is the tens digit of b(t)?
7
Suppose 2*m + 17 = -5. Let c = 15 + m. Suppose 3*g = -c*b + 4, g + 8 = 2*g - 2*b. What is the units digit of g?
4
Suppose 0 = 2*d + 4*m - 804, 12 = -0*m + 4*m. What is the tens digit of d?
9
Suppose 8*c - 140 = 3*c. Let z(g) = -33*g - 3 + c*g + 9. What is the units digit of z(-11)?
1
Let t be (-24)/(-15)*(-10)/(-2). Let u(h) = -8*h**2 - 1 - h**2 + t*h**2 - 2*h - 21*h**3. What is the tens digit of u(-1)?
2
Let q be (-100)/24 + (-1)/(-6). Let v be (q/(-6))/(18/135). Suppose 2*r - v*p - 92 = -r, 0 = -3*r - 4*p + 56. What is the tens digit of r?
2
Let w(i) = 31*i + 19. Let l be w(15). What is the tens digit of 5/(-3) + 1 - l/(-6)?
8
Suppose 0 = -11*m + 5*m + 258. Let s = m - 3. What is the units digit of s?
0
Let u(m) = 149*m + 540. What is the tens digit of u(14)?
2
Suppose 1072*d + 6792 = 1078*d. What is the thousands digit of d?
1
Suppose -4*v = 4*m - 15616, 4*m - 111*v = -112*v + 15601. What is the hundreds digit of m?
8
Let w(g) = 2*g**2 - 12*g - 6. Let j be w(12). Let n = -20 + j. Suppose -a = b + 2*a - 35, a - n = -4*b. What is the tens digit of b?
2
Let r be 50/6 - 6/(-9). What is the units digit of 372/r*3/2?
2
Suppose -3*n = -2*n - 3. Suppose 2*t - 6 = -5*o, -n + 9 = -o + 2*t. Suppose o = -12*f + 7*f + 20. What is the units digit of f?
4
Let j(v) = 57*v. Let r(a) = -3*a. Let i(q) = -6*j(q) - 117*r(q). Suppose 3*w = 8*w + 2*b - 13, b - 4 = 0. What is the units digit of i(w)?
9
Let h(c) = c + 12. Let b be (0 + 2)/((-6)/(-27)). Let q be 1/(-3) + (-78)/b. What is the units digit of h(q)?
3
Let p be -1*(3 + (0 - 1)). Suppose 4*o - 44*w = -46*w + 10, w = -5. Let n = o + p. What is the units digit of n?
3
Let b = 32 + -30. Suppose 3*k - b*g = 0, 3*k + k = 5*g - 7. Suppose -53 = -k*s - 9. What is the units digit of s?
2
Let r be (72/